mon divisor of l and f.
31
Let r = -5 - -6. Suppose 20 = g - 5*m - 0, 5*m = 0. Let s be 3/(r*3/g). What is the greatest common factor of 8 and s?
4
Suppose -27*g + 22*g = -1100. Let q = 9 - -11. What is the highest common divisor of g and q?
20
Let d be (-12)/(-3) - (76 + 1). Let r = 133 + d. Calculate the highest common factor of 40 and r.
20
Let u(q) = q**3 + 11*q**2 - 3*q - 16. Let t be u(-11). Suppose 4*r = -1 + t. Suppose -135 + 39 = -r*m. What is the greatest common divisor of m and 36?
12
Let f = -25 + 49. Suppose 30*i - 16*i = 112. What is the greatest common divisor of i and f?
8
Suppose 0 = -3*g + 29 + 7. What is the highest common divisor of g and 3?
3
Suppose 3*q = 4*x - 15, -2*x = -q + 6*q - 27. Suppose d - 4*d = -x. What is the highest common divisor of d and 8?
2
Let o be (11*-1)/((-2)/26). Suppose 4*a - 4*r = 32, -3*a - 2*r = 2*a - 75. What is the highest common factor of a and o?
13
Let v(q) = 3*q**2 + 3*q + 3. Let x be v(-3). Suppose -2*t + 2*m = -208, -4*m - 107 = -t - 6*m. Calculate the greatest common divisor of x and t.
21
Suppose 2*r + s + 1 = -7, -2 = s. Let i be (-1 - (r + 6))*-3. What is the highest common factor of i and 96?
12
Let s = 9 + -13. Let o be 196/(-10)*(-9 - s). Let z be ((-2)/5)/(3/(-105)). Calculate the greatest common factor of o and z.
14
Let o(d) = d**3 - 22*d**2 - 16*d - 53. Let c be o(23). What is the greatest common divisor of c and 12?
12
Let h be ((-2)/3)/((-2)/(-3)). Let m = h + -7. Let d = -6 - m. Calculate the highest common divisor of d and 16.
2
Suppose o - 11 = 5. What is the highest common divisor of o and 176?
16
Suppose -2*o - 5 = -i + 2*i, -o + 4*i + 20 = 0. Let q be 3 + -1 + o - -25. Calculate the highest common factor of q and 9.
9
Let h = 44 - 37. Calculate the greatest common divisor of 7 and h.
7
Let m = -15 - -87. Let l = 16 - 7. What is the greatest common factor of l and m?
9
Let d = 6 + 9. What is the highest common divisor of 135 and d?
15
Let p = 5 - 2. Suppose -4*m + 12 = -p*k, -m - 3*k + 2 + 1 = 0. Let u be 1 + (m - 8/(-1)). What is the highest common divisor of u and 96?
12
Let m be (-1)/4 + (-477)/(-4). Let t = m + -63. Let n = -7 + 15. What is the greatest common divisor of t and n?
8
Let n = -24 - -14. Let d = n - -15. Calculate the highest common divisor of d and 20.
5
Suppose -38*z = -43*z + 140. Calculate the greatest common divisor of 21 and z.
7
Let v = 10 - -26. Let t = 140 - 86. What is the highest common divisor of v and t?
18
Suppose -6*l - 84 = -2*l. Let x = 13 - l. Calculate the highest common divisor of 17 and x.
17
Suppose 3*f - 2*z = 502, 5*f = -z + 6*z + 830. What is the highest common divisor of f and 17?
17
Suppose 20 = -3*r - 19. Let y = r - -23. What is the highest common factor of 100 and y?
10
Suppose -22*s - 162 = -23*s. Suppose 0 = h - 4*h + 54. Calculate the highest common factor of h and s.
18
Let s(d) = d + 11. Let p be s(-13). Let q = 17 + -8. Let h be (-34)/(-9) - p/q. What is the greatest common factor of h and 16?
4
Suppose 2*i - 384 = 3*q, 2*i - 4*q + 12 = 392. Calculate the greatest common divisor of i and 18.
18
Let c = -3 - 3. Let j be (-1940)/(-18) - c/27. What is the greatest common divisor of 12 and j?
12
Let g(x) = 2*x**2 + 4*x - 4. Let l be g(-4). Let a(d) = -2 + 3 - 4 - 13*d. Let q be a(-3). Calculate the greatest common factor of q and l.
12
Suppose -62*y + 1814 = -232. Suppose -5 = -2*r + 39. Calculate the highest common divisor of y and r.
11
Let g = 87 + -61. Suppose 0 = 6*d - 2*d - 5*c - 32, -d - 4*c + 29 = 0. What is the highest common divisor of g and d?
13
Suppose -40 + 0 = -4*g. Let w = g + -4. Let i = 31 + -25. What is the greatest common divisor of i and w?
6
Let k be (-4)/(-6) + 238/3. What is the highest common factor of 16 and k?
16
Suppose 5*y + k = 360, 5*k - 3*k = 0. Suppose 2*n + 0*i - 144 = -3*i, -n + y = -5*i. Calculate the greatest common divisor of 48 and n.
24
Let p = 20 + -10. Suppose 4*h = 253 - 53. Calculate the greatest common factor of p and h.
10
Let i(g) = -26*g - 6. Let l(b) = 77*b + 18. Let f(p) = 8*i(p) + 3*l(p). Let r be f(5). What is the highest common divisor of r and 11?
11
Suppose 1024 = 2*a + 2*a. What is the greatest common factor of a and 32?
32
Suppose -k = -2*u - 24, -u = 2*k + 3*u - 80. Suppose 0 = 2*q + q - 3*p - 135, -5*p - 81 = -2*q. What is the greatest common factor of k and q?
16
Let j = 35 + -21. Suppose 11 = -13*x + j*x. Calculate the highest common divisor of x and 88.
11
Let i = -4 - -14. Let t = 6 + 14. What is the highest common divisor of t and i?
10
Suppose 2*l - 4*l = -12. Suppose 5*a + a - 36 = 0. Calculate the highest common factor of a and l.
6
Suppose 3*y + y = 448. Calculate the greatest common factor of y and 14.
14
Suppose 2*h - 87 = 53. Calculate the greatest common divisor of h and 35.
35
Suppose 5*b = b + 88. Suppose 3*q + 56 = q. Let s = q - -39. What is the greatest common factor of s and b?
11
Suppose -9*c + 2 + 25 = 0. Let n be (1/(-1) - -27) + 1. Calculate the greatest common factor of c and n.
3
Let b be ((-6)/(-15))/(2/40). What is the greatest common factor of b and 104?
8
Let m be 2/(-9) - 796/(-54)*3. Calculate the greatest common factor of m and 4.
4
Suppose -5*t + d = -38, -2*d = -2*t + 2*d + 8. Calculate the highest common factor of t and 56.
8
Let w = 4 - 2. Suppose 12 = 4*q, w*g - 2*q + 3 = -3. Suppose 4*u - 20 - 32 = g. Calculate the highest common divisor of 13 and u.
13
Let r = 35 - 53. Let u = 24 + r. What is the greatest common divisor of u and 54?
6
Let y = 90 - 54. Suppose -4*o + y = -o. Calculate the highest common factor of 84 and o.
12
Let p be (-1 + -13)*(-2)/4. Suppose -j = 3*s - 9, 3*j - p = j + 5*s. Let q be (-9)/15 - 213/(-5). What is the highest common divisor of j and q?
6
Let m be (2 - -5) + (-6)/(-2). Calculate the greatest common factor of 50 and m.
10
Let m(i) be the first derivative of -i**4/4 - 2*i**3/3 + 2*i**2 + 4*i - 1. Let o = 18 + -21. Let a be m(o). What is the greatest common divisor of a and 11?
1
Let c = -2 + 2. Suppose -r + 0*r + 2 = c. Calculate the highest common divisor of r and 14.
2
Suppose -3*w - h + 25 = 4, -4*w + 44 = -4*h. Calculate the highest common factor of w and 24.
8
Suppose -2*c = 2*d - 102, 6*d + 2*c - 210 = 2*d. Let g = d - 9. Calculate the highest common divisor of g and 9.
9
Let l = -81 + 96. Calculate the greatest common factor of 30 and l.
15
Suppose 2*b = -2, -127 = -5*d + 3*b + 246. Let u be (2 - d)*20/(-16). Suppose m - 7 = 3. Calculate the greatest common divisor of m and u.
10
Suppose -a + 1 = -p, p + 2*a + 8 = 1. Let h be p + 6 - -1*1. What is the highest common factor of 44 and h?
4
Let i be 290/7 - 5 - (-6)/(-14). Calculate the highest common factor of i and 120.
12
Let y = 114 + -14. What is the greatest common factor of 20 and y?
20
Let l = 19 + -52. Let r = -15 - l. What is the highest common divisor of 144 and r?
18
Suppose 4*t - 417 - 135 = -2*w, 0 = 2*w - 5*t - 597. What is the highest common factor of 26 and w?
26
Let s(i) = -i**2 - 8*i + 3. Let h be s(-7). Calculate the highest common divisor of h and 90.
10
Suppose 0 = -4*c - 0*c + 3*q + 726, 3*q = -6. Suppose 5*m + 3*k - 11 = 95, m = -2*k + 24. Suppose 5*u - m = c. What is the highest common divisor of u and 10?
10
Let y(u) = u**3 - 6*u**2 - 4*u - 9. Let o be y(7). Let c be 2*-6*(-3)/o. What is the greatest common divisor of c and 1?
1
Suppose 7*i + k - 300 = 3*i, 2*i = 5*k + 172. Calculate the highest common divisor of 38 and i.
38
Let i(g) = 7 - 1 + g + 6 - 4*g. Let x be i(-6). What is the highest common divisor of x and 3?
3
Suppose 0 = -q + 2*v + 44 + 6, -147 = -3*q + 5*v. Suppose -2*w + 20 = 3*w. Calculate the greatest common factor of q and w.
4
Suppose -4*r + 65 = r. Suppose 4*w = 5*k + 16 + 1, r = 4*w - k. Calculate the greatest common divisor of 1 and w.
1
Let u be (8 - 4) + (4 - 2). Let g = -6 - -10. What is the highest common factor of g and u?
2
Let c = -4 + 7. Suppose -r - r - 4*i = -22, c*r = -i + 8. Let g be (-6 - -7)/(r/17). What is the greatest common divisor of 17 and g?
17
Let j(q) = -q**3 - 8*q**2 + 7. Let w be j(-8). Suppose -2*t = -w*a + 2*a + 171, 2*a - 3*t = 64. What is the highest common divisor of 7 and a?
7
Suppose -4*h = -5 - 3. Let p(w) = w**2 - 3*w. Let a be p(4). Suppose -a*x = -6*x + 20. Ca